. Is l composite?
True
Let r(a) = 7*a - 25. Let d be r(4). Suppose -2*o = i + d*o - 962, -i + 964 = 3*o. Is i composite?
False
Suppose -2*u - 107159 = -5*b, 5*b = 3*u + 3035 + 104126. Is b a composite number?
True
Let u(x) = 11*x**2 + 4*x - 2. Let d be u(-2). Let k = 34 - d. Suppose k*z + 18263 = 7*z. Is z a composite number?
False
Let z(c) = 561*c - 221. Let j(a) = -28*a + 11. Let h(o) = o**2 - 7*o + 4. Let b be h(5). Let r(m) = b*z(m) - 119*j(m). Is r(-5) composite?
True
Let z be ((-440)/2)/(2/(-2)). Let w be 4/20 - 56/(-20). Suppose -w*i = -z - 314. Is i prime?
False
Let k be 1 + -3 + 7 + -2. Suppose -k*h + 7629 = -3132. Is h prime?
False
Let y = 279330 + -82789. Is y a prime number?
True
Let d(f) be the first derivative of 4*f**3/3 + 7*f**2/2 - 5*f - 50. Suppose -j + 9 = 3. Is d(j) a prime number?
True
Let z(n) be the third derivative of -227*n**4/8 - 113*n**3/3 + 48*n**2. Is z(-3) composite?
True
Let i = 30374 + -11615. Suppose -i = -10*u + 31831. Is u a prime number?
True
Let p = -374 - -378. Suppose -p*f - 29723 = 21*m - 26*m, -5*m = f - 29738. Is m composite?
True
Let f = 555111 - 49574. Is f a prime number?
True
Let u = 39292 + -7649. Is u prime?
True
Let i(c) = -804*c - 125. Is i(-38) a composite number?
False
Let d be -5*1*135/(-75). Suppose -d*k + 36715 + 19427 = 0. Is k prime?
False
Suppose -9*g + 18*g - 3*g = 1493826. Is g a composite number?
False
Let g = -9557 - -18648. Is g prime?
True
Suppose 213654 = -9*s + 586911. Is s composite?
True
Let m(r) = r**3 + 2*r**2 + 1556. Let s be m(0). Suppose 16423 = 3*h - s. Is h composite?
True
Let j(t) = -4*t - 1. Let f be j(-1). Let h be (85 - -19)/(-13) + (13 - 0). Suppose -m + 0*m + 1946 = -h*w, -5743 = -f*m - 4*w. Is m a prime number?
False
Let d(o) = o**2 - 4*o + 24. Let b(u) = -u**3 + 3*u**2 + 2*u + 2. Let y be b(3). Let m be d(y). Let i = 225 - m. Is i prime?
False
Let m = 33 - 40. Is 23616 - 1 - (m - (-14)/2) a composite number?
True
Let n(p) be the first derivative of p**4/4 - 8*p**3/3 - 7*p**2/2 - 13*p + 4. Let t be n(9). Suppose 5*y - 9741 = -r, -3*r = -y + t*y - 7784. Is y prime?
True
Let g be ((40/(-15))/4)/((-4)/102). Suppose -g*c = -20*c + 15. Suppose -c*m - 380 = -9*m. Is m composite?
True
Suppose 1100*k + 107564 = 1102*k - 5*u, 215176 = 4*k - 2*u. Is k prime?
False
Suppose 0 = 10*x - 9 + 349. Let w = x + 34. Suppose 5*h - 1385 - 3110 = w. Is h a prime number?
False
Suppose -5860 = 20*y - 24*y. Let c = -764 + y. Is c composite?
False
Is 5508435/6*(-150)/(-375) a composite number?
False
Let m(k) = k**2 - k. Let c(n) = -2*n**3 + 7*n**2 - 10*n + 24. Let d(y) = -c(y) - m(y). Is d(7) composite?
False
Suppose 0 = -24*h + 7*h + 38*h - 1676157. Is h composite?
False
Suppose 936144 = 62*j - 18*j. Let s = -11167 + j. Is s prime?
False
Let s be (-7)/((-28)/1074)*(-24)/9. Let q = 1473 - s. Suppose j - q = -552. Is j a composite number?
False
Let l(s) = -8*s**2 + 29*s + 53. Let i be l(16). Let d = 16880 + i. Is d prime?
True
Is (-358)/(-1)*(-1088)/(-128) a composite number?
True
Let q = -7640 - -21541. Is q composite?
False
Suppose 5*r + 4*c + 16 = c, -5*r - c = 12. Is 3/9*(-25841 - -5)/r a composite number?
True
Suppose -2*l - 27 = -13. Let k(w) = -w**2 - 3*w + 20. Let p be k(l). Is 1594/2*(p - -9) a prime number?
True
Suppose -3*x - 4*j = -19 - 24, -5*x - 4*j + 61 = 0. Let w(p) = 679*p - 70. Let l(i) = 227*i - 24. Let v(r) = 7*l(r) - 2*w(r). Is v(x) a composite number?
True
Let h(o) = 119*o - 27. Let l(a) = -a**2 + 14*a - 10. Let s be l(13). Let r be (-132)/(-10) - s - 1/5. Is h(r) a composite number?
False
Suppose -5*y + 0*s = -3*s + 16, -2 = -2*y + 4*s. Let k be (-5 - -1 - y)*0. Suppose k = 2*o - 8*o + 1122. Is o a prime number?
False
Suppose 5*m = -4*m + 99. Suppose -80 = s - m*s. Is -11 + s - (-227 - -1) a prime number?
True
Let l = 15 + -3. Suppose -l - 16 = -7*b. Is (-59409)/(-49) + b/7 a composite number?
False
Let q(c) = -100*c**3 - 8*c**2 + c - 6. Let h be q(-4). Let z = h + -4415. Is z composite?
False
Is 277151 - (-17 + 18)/((-6)/72) a prime number?
True
Is -9 + (5 - -2) + (202788 - 21/(-7)) a prime number?
False
Suppose 0 = 2*o + z - 64213, -2*o + 11*z - 16*z = -64209. Is o a prime number?
False
Let w(s) = 101*s + 28. Suppose -3*u + k + 7 - 19 = 0, -3*u - 2*k - 21 = 0. Let i be (u + 3)/((-4)/42). Is w(i) a composite number?
True
Suppose 32*s = 36*s, 0*y = -2*y - 5*s + 18266. Is y a prime number?
True
Let q(j) = 30696*j**3 - j**2 - 97*j + 295. Is q(3) a prime number?
True
Suppose -3*l = -2*c + 2360512, 5*l + 5830882 = 5*c - 70413. Is c a composite number?
True
Let b = -35 + 37. Let d(o) = 2*o - 4. Let s be d(b). Suppose 0 = 4*k - z - 575, s = -2*z + 5*z + 9. Is k composite?
True
Suppose -67273678 = -206*g - 14450952. Is g composite?
True
Suppose 2*w + 214257 = -s + 746466, -4*w - 1596677 = -3*s. Is s a composite number?
True
Let y(s) = 51*s**3 + 14*s**2 + 38*s - 233. Is y(12) a composite number?
True
Let l be (-34252 + -5 - 4)/(-1). Suppose -2*w + 4 = 0, -4*y + 2*w + 22367 = -l. Is y composite?
True
Let q = -1685 + 2657. Suppose -q = 30*k - 6702. Is k composite?
False
Let z(j) = -11*j**2 - 44*j + 28. Let w be z(7). Let v = w - -1256. Is v a composite number?
True
Suppose 2*s = q + 8, -8*q + 6*q = 4*s. Suppose -c + 0*c + 20341 = s*x, 5*x + 5*c = 50860. Is x a composite number?
False
Let f = 3021 - 1574. Suppose -3*g - 465 = x, 3*x - 3*g - g = -f. Let y = 421 - x. Is y prime?
False
Let f = 666173 - -1076196. Is f composite?
False
Let l = 24886 - -116943. Is l prime?
True
Let t(b) = -428*b - b**2 + 424*b - 2 - 4. Let g be t(-4). Let o(r) = -7*r**3 - 6*r**2 + 6*r - 1. Is o(g) composite?
False
Suppose -5*b = -4*u + 1046, -5*u = -6*u + 3*b + 265. Suppose -2*p = -7*x + 6*x + u, -2*x + 542 = 4*p. Is x prime?
False
Let g = 472 + 5145. Suppose g = -0*a + a - h, 0 = 2*h. Is a a prime number?
False
Let n be 182/42 - (-6)/9. Suppose -6*j - n*c - 1376 = -7*j, -5*j + 5*c + 6780 = 0. Is j a composite number?
True
Suppose -2*j - 3*u = -0*u - 491468, -12 = 2*u. Is j a prime number?
False
Is (22/(-6))/((-4441607)/148053 - -30) a composite number?
True
Let y be 15/1*8/(-10). Let w(u) = -u**2 + 2*u - 2. Let h be w(y). Let a = h + 291. Is a a composite number?
True
Let x = 70286 + -17925. Is x a composite number?
False
Let w(j) = -j**3 - 5*j**2 + 20*j + 22. Suppose -4*a = -5*a + 5. Suppose -a*p + 30 = 75. Is w(p) a prime number?
False
Suppose -40286 = 11*u + 5287. Is 16/8*u/(-6) composite?
False
Let u(h) = -2*h**3 + 44*h**2 - 15*h - 15. Let c(y) = 6*y + 188. Let b be c(-29). Is u(b) a prime number?
False
Suppose 5*w - 10 = 0, -6 = -4*m - w + 6*w. Suppose 0 = -m*s + s + 1965. Let z = s + -246. Is z a prime number?
True
Suppose 41*f - 42*f = -8. Let k(h) = 3*h**3 - h**2 - 34*h - 9. Is k(f) a prime number?
False
Let a(z) = z**2 + 11*z - 11. Let v be -1*(-1)/(2/(-22)). Let y be a(v). Let s(f) = -169*f - 12. Is s(y) a prime number?
True
Suppose 4*i + 1 + 3 = 0. Suppose -8*f + 104 - 88 = 0. Is f + 409 + -1 - (0 - i) composite?
False
Suppose 63 = 14*g - 35. Suppose 8321 = g*u + 138. Is u prime?
False
Let q = -37 - -39. Suppose 3*v = 3*y + q*y - 36, -5*v + 3*y - 60 = 0. Is 3651/9 + v/(-9) a prime number?
False
Let f(m) = 8*m**3 + 5*m**2 - 5*m - 4. Let y be f(-4). Let j = -565 + 276. Let k = j - y. Is k a prime number?
True
Let g(q) = -30 + 65*q - 32 - 62*q + 95 + 112*q**2 - 35. Let h be ((-6)/(-8))/((-2)/8). Is g(h) prime?
True
Suppose 4703487 = 292*y - 309273701 - 206343744. Is y a prime number?
True
Suppose 885 = s - 2*i + 174, -5*i = -5*s + 3545. Is s a prime number?
False
Let v be 42/147 + 57/21. Let f be 22/6 + 2/(-3). Suppose 3*m - 1023 - 669 = -f*a, -5*m + 2828 = -v*a. Is m prime?
False
Let j be (-62)/(-5) - (-4)/(-10). Let x = 9 - j. Let w(u) = 23*u**2 - 2*u + 5. Is w(x) a prime number?
False
Suppose q + 0*q = -3*c + 6, 4 = q + c. Suppose 11 = q*g - 1. Suppose -4*z = -t + 179, 0*z = -2*t - g*z + 358. Is t a composite number?
False
Let v = 19 - 20. Suppose 0*n + 2*n - 312 = 0. Let z = n - v. Is z composite?
False
Let l = -50467 - -230282. Is l composite?
True
Let c(y) = -7*y - 23. Let k be c(-25). Suppose -4*t - 15 = -s - 1, 3*t + 13 = 2*s. Suppose -n + k = 3*b - 810, -s*b = 5*n - 663. Is b a prime number?
False
Suppose r + 4*p + 7565 = 0, -2*r + 0*r - 15115 = 3*p. Let j = r + 13068. Is j a c